atest common factor of n and 2369?
23
Let g(o) = o**3 + 19*o**2 - 75*o - 617. Let j be g(-9). Calculate the highest common divisor of 280 and j.
28
Suppose -127*h = -141*h + 73920. Calculate the highest common factor of h and 165.
165
Suppose -156 = 25*r + 14*r. Let y be (r - (-80)/28)*-49. Let f(c) = 3*c + 4. Let u be f(4). Calculate the highest common factor of y and u.
8
Suppose 2 = -2*x + 4*x. Let n be x/(-2)*(-148)/2. Suppose 0 = 136*a - 138*a + 666. Calculate the greatest common factor of n and a.
37
Let q be 3 - -14*27/6 - (-11 + 7). What is the highest common divisor of q and 3605?
35
Suppose -3*g + 604 = -2*g + 3*j, -7*g - 4*j = -4262. What is the greatest common factor of g and 1037?
61
Let h = 70 - 37. Suppose h*p = 39*p - 102. Calculate the greatest common factor of 51 and p.
17
Let j(d) = d**2 - 5. Let h be j(3). Let a = -20 - -40. Let c be ((-132)/(-10))/(h + (-74)/a). What is the greatest common factor of 4 and c?
4
Suppose 34*g = 36*g - 30. Let c be (-36)/(-2) + 6/18*g. Calculate the highest common divisor of 115 and c.
23
Let m be (1 - (1 + -1))/(11/33). Suppose -93 = -6*c - m. Suppose -c = -58*k + 53*k. What is the greatest common divisor of 33 and k?
3
Let k = -29 - -75. Let r = -4069 + 4115. What is the highest common divisor of r and k?
46
Let w be (11 - 12)*-944 + 10. What is the greatest common divisor of 18 and w?
18
Let p(w) = -42*w + 18. Let a be ((-32)/24)/((-2)/90). Let g = a - 63. Let d be p(g). Calculate the highest common divisor of d and 12.
12
Let n be ((-229)/(-3))/((-77)/21 + 4). Suppose -n = -10*y + 671. What is the highest common factor of 5 and y?
5
Let w be (-3 - (-105)/10)*(-578)/(-51). Calculate the highest common factor of w and 5627.
17
Suppose 167 - 187 = -4*t. Let r be 355 + 0/((-10)/t). Suppose -5*o + r = 5*w, -5*w + 289 = 3*o + o. Calculate the highest common factor of 44 and o.
22
Let t = -2889 - -2957. Calculate the highest common factor of 92 and t.
4
Let z(t) = 3*t**3 + 34*t**2 + 2*t - 16. Let y be z(-8). Calculate the highest common factor of y and 64.
32
Let x(c) = 183*c - 721. Let a be x(5). Calculate the greatest common divisor of 9215 and a.
97
Suppose 22284 = 2*i + 4*a, 2*a - 35402 = -3*i - 1956. Calculate the highest common divisor of 102 and i.
34
Let x = 137 - -160. Suppose 2*d + x = -3*d - 4*c, 0 = -5*d + 5*c - 315. Let r = 103 + d. What is the highest common factor of r and 42?
42
Let i(x) = -x**2 + 74*x - 670. Let k be i(60). Calculate the greatest common divisor of 130 and k.
10
Let q(w) = 3614 - 1473 + 32*w - 1845. Let i be q(-7). What is the greatest common factor of 18 and i?
18
Suppose -4*s - h = -14 - 10, 0 = -4*s + 3*h + 40. Let b be 18*s/(-28)*-14. Calculate the greatest common divisor of 28 and b.
7
Suppose -24*a + 11*a + 2054 = 0. Suppose -2*b - r + a = 0, 41*b - 46*b = r - 392. What is the highest common factor of b and 130?
26
Suppose -16*h + 33*h - 3277 = -96*h. What is the highest common factor of h and 7453?
29
Let v be 14950/91 + (-4)/14. Let j = -76 + v. What is the highest common factor of 8 and j?
8
Let w = 36 + -41. Let j be (-73)/(-4) - (63/12 + w). Let n(o) = 18*o - 18. Let f be n(4). Calculate the highest common factor of f and j.
18
Suppose -5*y - 21034 = -r, -3*r + 999*y + 63000 = 1001*y. What is the greatest common divisor of 236 and r?
236
Suppose 16*o = 10*o - 18, 2*o = -4*b + 6366. What is the highest common factor of 54 and b?
27
Suppose -426 = -4*y + 4*f - 102, -3*f = y - 81. Suppose -5*s - 5*w + 25 = 0, 0*s + w + 22 = 2*s. Calculate the greatest common divisor of y and s.
9
Let t(o) = -o**3 + 8*o**2 + 53*o - 4. Let c be t(11). Suppose 0 = 21*h + 64 - 631. What is the highest common factor of c and h?
27
Suppose 10*k - 60 = 7*k. Suppose 0 = 9*l - k*l + 1518. Calculate the highest common factor of l and 92.
46
Let d be (3 + (-255)/10)*(-32)/6. What is the highest common factor of d and 42?
6
Let h = 57 - 87. Let d be (4/(-6))/(5/h). Suppose y = -d*j + 40, 126 = -0*y + 4*y - j. Calculate the greatest common factor of y and 80.
16
Let j be -30*21/(63/(-20)). Suppose 5*q = -4*w + 55, 0*q - 70 = -4*q + 2*w. Suppose -5 = -m + q. What is the highest common divisor of j and m?
20
Let h be ((6156/(-10))/9)/((-21)/70). What is the greatest common divisor of h and 1634?
38
Suppose 145*t - 5672 = 12453. What is the highest common divisor of 2375 and t?
125
Let r(f) = -30*f + 92. Let u be r(0). Suppose 6*k - 4*k - 3*j - 34 = 0, j = 4. What is the highest common divisor of k and u?
23
Suppose 10*s = 7*s + 48. Let a = -5 - -4. Let k(p) = -48*p. Let u be k(a). What is the highest common factor of u and s?
16
Let a = -48 + 110. Let g = 67 - a. Suppose -k - 12 = -g*k. What is the greatest common factor of k and 6?
3
Let v be (-4)/62 - -127*22/62. Suppose -4*t - 90 = -6*t. What is the highest common divisor of t and v?
45
Suppose 4*l = 5 - 29. Let j be 4/l - -1*(-276)/(-9). Suppose 0 = -4*f - t + 1325, 3*f = 5*f - 2*t - 650. What is the greatest common divisor of j and f?
30
Let s(o) = o**2 + 69*o + 1022. Let n be s(-48). Let c = 11 - -1. Let y be 1*((-4)/(-2) + c). Calculate the highest common factor of n and y.
14
Suppose -220*v + 221*v = 0. Suppose -12*g + 16*g - 112 = v. What is the greatest common divisor of 602 and g?
14
Let w = -98 + 228. Let v = -147759 - -147837. What is the greatest common factor of v and w?
26
Let m be 8*-10*((-90)/(-32))/(-5). What is the greatest common divisor of 855 and m?
45
Suppose 4*r + 3*w - 31 = 119, -8 = -4*w. Let x = 42 + -30. Suppose x = -3*q, -5*y = -3*q + 8*q - 100. What is the highest common divisor of r and y?
12
Suppose g + g = 36. Let l be (-36)/(-5)*(-500)/(-150). What is the highest common divisor of g and l?
6
Suppose 57*k = -3296 + 13955. Calculate the highest common factor of 136 and k.
17
Let s = -3 + 6. Let d = 3352 - 3306. Suppose -s*p + p + d = 0. Calculate the greatest common factor of 161 and p.
23
Let l = 303 - 282. Suppose -l*a = -2*a - 456. What is the highest common divisor of a and 84?
12
Let p = -15828 + 16035. Calculate the greatest common divisor of 99 and p.
9
Suppose -8*n + 127 = 39. Let l = 100 + -96. Suppose y - 55 = -l*y. Calculate the greatest common divisor of n and y.
11
Let k be 788/(-54)*-3 + 6/27*1. What is the greatest common divisor of k and 517?
11
Suppose 2*a = 3*v + 15, -4*v - 25 + 5 = -a. Let d be -1 + 4 + (-1 - v). Let j = -17 - -24. Calculate the greatest common divisor of j and d.
7
Suppose -10 = -3*d - 1, -3*j = 4*d - 480. Suppose -14*b + 3402 = 82*b - 342. What is the greatest common divisor of b and j?
39
Suppose -3*q = -d - 3, 3 = -d + 5*q - 8. Suppose -d*f - 116 = -1268. Let t = 31 - 15. What is the highest common divisor of f and t?
16
Suppose -28 = -5*y + 3*z, 4*y + z - 52 = -4*z. Let g be 112*((-78)/624)/(2/(-8)). Calculate the greatest common divisor of y and g.
8
Let k be (9 + -8)/(2/10*-1) - -35. Calculate the highest common factor of k and 1710.
30
Suppose 4722 + 878 = 70*u. Calculate the greatest common factor of u and 5560.
40
Let m = 306 + -298. Suppose -718 = -m*k + 82. Calculate the greatest common factor of 25 and k.
25
Suppose 0 = 5*b - 3*n - 828, 0 = -11*b + 16*b + 5*n - 860. What is the greatest common divisor of b and 7350?
42
Let t be (-5 + 6 + 11)/(1 - -1). Suppose f - 2*x - t = -2, 2 = 2*x. What is the greatest common factor of 42 and f?
6
Let s = -5 + 7. Suppose -m = s*m + 3. Let p be 1*(3 + 43) + m. Calculate the highest common factor of 18 and p.
9
Suppose 0 = 374*u - 368*u + 804. Let a = u - -147. Calculate the greatest common divisor of a and 1.
1
Let l(i) = -67*i - 5. Let j be l(-1). What is the highest common divisor of 3937 and j?
31
Suppose 181 = 12*i - 815. Let b = i + -3. Calculate the greatest common divisor of 50 and b.
10
Let u = 221 + -219. Suppose -u*x + 4*t + 91 = x, 0 = -2*x + t + 64. What is the greatest common divisor of 462 and x?
33
Let r be (-3*2)/(228/304). Let t be r/(-10)*(-605)/(-44). What is the highest common factor of t and 1661?
11
Suppose 1757 + 259 = 42*p. Let r be 4 + (1 - 4)/(-3). Suppose -l + r*l - 24 = 0. What is the highest common divisor of p and l?
6
Let z(m) = m**2 - 16*m + 163. Let t = -303 - -318. Let i be z(t). Calculate the greatest common factor of 4 and i.
4
Let i(z) = 10*z**2 + 2*z + 10. Let b be i(-12). What 